{"id":26,"date":"2021-09-16T05:35:08","date_gmt":"2021-09-16T05:35:08","guid":{"rendered":"http:\/\/www.usrplus-sr.ro\/?page_id=26"},"modified":"2025-01-08T20:32:44","modified_gmt":"2025-01-08T20:32:44","slug":"cine-suntem","status":"publish","type":"page","link":"http:\/\/www.usr-sr.ro\/index.php\/cine-suntem\/","title":{"rendered":"Cine suntem?"},"content":{"rendered":"\n<p>Suntem cons\u0103tenii, vecinii \u0219i prietenii t\u0103i, suntem noua for\u021b\u0103 a politicii \u00een Rom\u00e2nia, avangarda schimb\u0103rii clasei politice actuale.<\/p>\n\n\n\n<p>Suntem uniunea oamenilor care doresc ca S\u00e2nmihaiu Rom\u00e2n, S\u00e2nmihaiu German \u0219i Utvin s\u0103 devin\u0103 un reper pentru zona metropolitan\u0103 Timi\u0219oara.<\/p>\n\n\n\n<p>Suntem schimbarea!<\/p>\n\n\n\n<h2 class=\"wp-block-heading\">Organigrama<\/h2>\n\n\n\n<ul class=\"wp-block-list\">\n<li>Pre\u0219edinte Filial\u0103 -Eduard Banariu<\/li>\n\n\n\n<li>Vicepre\u0219edinte: Oana Miculaiciuc <\/li>\n\n\n\n<li>Vicepre\u0219edinte: Nicolae Oprea <\/li>\n<\/ul>\n\n\n\n<p>Birou Local:<\/p>\n\n\n\n<ul class=\"wp-block-list\">\n<li>Eduard Banariu <\/li>\n\n\n\n<li>Oana Miculaiciuc <\/li>\n\n\n\n<li>Nicolae Oprea <\/li>\n\n\n\n<li>Teodorescu Alin <\/li>\n\n\n\n<li>Cosmin Buzan<\/li>\n<\/ul>\n\n\n\n<p>Dorim o revitalizare a<strong> eticii serviciului public<\/strong>, pentru a imprima civilitate \u0219i corectitudine ca marc\u0103 a unei administra\u021bii transparente, puse \u00een slujba cet\u0103\u021beanului. Ne dorim o <strong>comunitate modern\u0103<\/strong>, cu str\u0103zi curate \u0219i infrastructur\u0103 (drumuri, gaz, canalizare, ap\u0103) la nivelul secolului 21.<\/p>\n\n\n\n<p><strong>Meritocra\u021bia<\/strong> trebuie s\u0103 fie reconsiderat\u0103 ca valoare central\u0103 a angaj\u0103rii \u0219i promov\u0103rii \u00een r\u00e2ndurile administra\u021biei publice, \u00een locul servilismului \u0219i al rela\u021biilor clientelare care au generat contracte supraevaluate \u0219i risipa bugetului local pe lucr\u0103ri de o calitate precar\u0103.<\/p>\n\n\n\n<p><strong>Digitalizarea<\/strong> este o cale important\u0103 de acces a cet\u0103\u021benilor la serviciul public.<\/p>\n\n\n\n<p>Cum vom reu\u0219i toate aceste? Prin implicare \u0219i prin munc\u0103, prin onestitate, asumare \u0219i transparen\u021b\u0103.<\/p>\n\n\n\n<p>Daca vrei sa te alaturi nou\u0103, o po\u021bi face aici : <\/p>\n\n\n\n<div class=\"wp-block-buttons is-layout-flex wp-block-buttons-is-layout-flex\">\n<div class=\"wp-block-button is-style-outline is-style-outline--1\"><a class=\"wp-block-button__link wp-element-button\" href=\"https:\/\/www.usr-sr.ro\/index.php\/inscriere-ca-membru\/\">Vino alaturi de noi !<\/a><\/div>\n<\/div>\n\n\n\n<p><\/p>\n","protected":false},"excerpt":{"rendered":"<p>Suntem cons\u0103tenii, vecinii \u0219i prietenii t\u0103i, suntem noua for\u021b\u0103 a politicii \u00een Rom\u00e2nia, avangarda schimb\u0103rii clasei politice actuale. Suntem uniunea oamenilor care doresc ca S\u00e2nmihaiu Rom\u00e2n, S\u00e2nmihaiu German \u0219i Utvin s\u0103 devin\u0103 un reper pentru zona metropolitan\u0103 Timi\u0219oara. Suntem schimbarea! Organigrama Birou Local: Dorim o revitalizare a eticii serviciului public, pentru a imprima civilitate \u0219i [&hellip;]<\/p>\n","protected":false},"author":2,"featured_media":0,"parent":0,"menu_order":0,"comment_status":"closed","ping_status":"closed","template":"","meta":{"footnotes":""},"class_list":["post-26","page","type-page","status-publish","hentry"],"rise-blocks_excerpt":"Suntem cons\u0103tenii, vecinii \u0219i prietenii t\u0103i, suntem noua for\u021b\u0103 a politicii \u00een Rom\u00e2nia, avangarda schimb\u0103rii clasei politice actuale. Suntem uniunea oamenilor care doresc ca S\u00e2nmihaiu Rom\u00e2n, S\u00e2nmihaiu German \u0219i Utvin s\u0103 devin\u0103 un reper pentru zona metropolitan\u0103 Timi\u0219oara. Suntem schimbarea! Organigrama Birou Local: Dorim o revitalizare a eticii serviciului public, pentru a imprima civilitate \u0219i corectitudine ca marc\u0103 a unei..","_links":{"self":[{"href":"http:\/\/www.usr-sr.ro\/index.php\/wp-json\/wp\/v2\/pages\/26","targetHints":{"allow":["GET"]}}],"collection":[{"href":"http:\/\/www.usr-sr.ro\/index.php\/wp-json\/wp\/v2\/pages"}],"about":[{"href":"http:\/\/www.usr-sr.ro\/index.php\/wp-json\/wp\/v2\/types\/page"}],"author":[{"embeddable":true,"href":"http:\/\/www.usr-sr.ro\/index.php\/wp-json\/wp\/v2\/users\/2"}],"replies":[{"embeddable":true,"href":"http:\/\/www.usr-sr.ro\/index.php\/wp-json\/wp\/v2\/comments?post=26"}],"version-history":[{"count":9,"href":"http:\/\/www.usr-sr.ro\/index.php\/wp-json\/wp\/v2\/pages\/26\/revisions"}],"predecessor-version":[{"id":646,"href":"http:\/\/www.usr-sr.ro\/index.php\/wp-json\/wp\/v2\/pages\/26\/revisions\/646"}],"wp:attachment":[{"href":"http:\/\/www.usr-sr.ro\/index.php\/wp-json\/wp\/v2\/media?parent=26"}],"curies":[{"name":"wp","href":"https:\/\/api.w.org\/{rel}","templated":true}]}}